t is the hundreds digit of 14596?
5
What is the thousands digit of 106315?
6
What is the tens digit of 17130?
3
What is the thousands digit of 2613?
2
What is the hundreds digit of 60351?
3
What is the hundreds digit of 3246?
2
What is the units digit of 6271?
1
What is the hundreds digit of 1606?
6
What is the ten thousands digit of 15302?
1
What is the tens digit of 2997?
9
What is the thousands digit of 4693?
4
What is the ten thousands digit of 75698?
7
What is the ten thousands digit of 98552?
9
What is the thousands digit of 1361?
1
What is the thousands digit of 22173?
2
What is the hundreds digit of 46200?
2
What is the hundreds digit of 36481?
4
What is the thousands digit of 1957?
1
What is the hundreds digit of 2914?
9
What is the units digit of 5985?
5
What is the hundreds digit of 113574?
5
What is the thousands digit of 10028?
0
What is the tens digit of 301?
0
What is the hundreds digit of 1757?
7
What is the ten thousands digit of 36358?
3
What is the tens digit of 75359?
5
What is the hundreds digit of 1206?
2
What is the hundreds digit of 3506?
5
What is the units digit of 1974?
4
What is the hundreds digit of 279?
2
What is the tens digit of 6494?
9
What is the tens digit of 1205?
0
What is the hundreds digit of 589?
5
What is the units digit of 11514?
4
What is the hundreds digit of 397?
3
What is the hundreds digit of 110?
1
What is the thousands digit of 18433?
8
What is the units digit of 28217?
7
What is the units digit of 2147?
7
What is the hundreds digit of 16988?
9
What is the units digit of 1016?
6
What is the thousands digit of 74807?
4
What is the thousands digit of 5038?
5
What is the units digit of 18455?
5
What is the thousands digit of 37491?
7
What is the thousands digit of 41404?
1
What is the hundreds digit of 304?
3
What is the hundreds digit of 625?
6
What is the units digit of 32606?
6
What is the tens digit of 542?
4
What is the hundreds digit of 2719?
7
What is the thousands digit of 5757?
5
What is the hundreds digit of 22917?
9
What is the thousands digit of 5175?
5
What is the units digit of 716?
6
What is the hundreds digit of 4844?
8
What is the hundreds digit of 3268?
2
What is the tens digit of 1779?
7
What is the units digit of 1889?
9
What is the thousands digit of 1727?
1
What is the units digit of 2781?
1
What is the hundreds digit of 18101?
1
What is the tens digit of 1435?
3
What is the ten thousands digit of 60549?
6
What is the hundreds digit of 147510?
5
What is the tens digit of 112430?
3
What is the thousands digit of 2254?
2
What is the units digit of 103?
3
What is the ten thousands digit of 11532?
1
What is the hundreds digit of 2104?
1
What is the hundreds digit of 661?
6
What is the tens digit of 753?
5
What is the tens digit of 1113?
1
What is the ten thousands digit of 27268?
2
What is the ten thousands digit of 22450?
2
What is the tens digit of 9032?
3
What is the tens digit of 32347?
4
What is the tens digit of 19728?
2
What is the units digit of 13974?
4
What is the units digit of 92849?
9
What is the thousands digit of 93640?
3
What is the thousands digit of 18100?
8
What is the hundreds digit of 738?
7
What is the hundreds digit of 8103?
1
What is the tens digit of 55599?
9
What is the tens digit of 368?
6
What is the thousands digit of 12258?
2
What is the units digit of 17642?
2
What is the units digit of 6873?
3
What is the units digit of 109?
9
What is the units digit of 2008?
8
What is the ten thousands digit of 32884?
3
What is the thousands digit of 161260?
1
What is the hundreds digit of 19103?
1
What is the hundreds digit of 290?
2
What is the hundreds digit of 8838?
8
What is the hundreds digit of 1335?
3
What is the thousands digit of 2399?
2
What is the hundreds digit of 8722?
7
What is the tens digit of 1275?
7
What is the hundreds digit of 8271?
2
What is the units digit of 29827?
7
What is the ten thousands digit of 78026?
7
What is the tens digit of 1289?
8
What is the hundreds digit of 120952?
9
What is the tens digit of 5044?
4
What is the hundreds digit of 1276?
2
What is the units digit of 59815?
5
What is the tens digit of 930?
3
What is the hundreds digit of 1662?
6
What is the tens digit of 25611?
1
What is the hundreds digit of 3348?
3
What is the hundred thousands digit of 122483?
1
What is the ten thousands digit of 17179?
1
What is the hundreds digit of 282?
2
What is the units digit of 2366?
6
What is the hundreds digit of 17963?
9
What is the thousands digit of 32882?
2
What is the thousands digit of 20432?
0
What is the hundreds digit of 1762?
7
What is the thousands digit of 3335?
3
What is the hundreds digit of 406?
4
What is the thousands digit of 5049?
5
What is the thousands digit of 1304?
1
What is the units digit of 29300?
0
What is the hundreds digit of 13140?
1
What is the thousands digit of 1166?
1
What is the units digit of 6575?
5
What is the thousands digit of 6129?
6
What is the units digit of 3158?
8
What is the units digit of 214?
4
What is the hundreds digit of 128387?
3
What is the thousands digit of 32416?
2
What is the ten thousands digit of 24467?
2
What is the tens digit of 31873?
7
What is the hundreds digit of 12076?
0
What is the tens digit of 1050?
5
What is the thousands digit of 4346?
4
What is the tens digit of 665?
6
What is the tens digit of 1171?
7
What is the tens digit of 56217?
1
What is the ten thousands digit of 13935?
1
What is the thousands digit of 3722?
3
What is the thousands digit of 4864?
4
What is the thousands digit of 1316?
1
What is the thousands digit of 2794?
2
What is the tens digit of 33?
3
What is the ten thousands digit of 13334?
1
What is the tens digit of 110?
1
What is the hundreds digit of 37265?
2
What is the units digit of 1438?
8
What is the thousands digit of 1176?
1
What is the thousands digit of 1000?
1
What is the tens digit of 1336?
3
What is the hundreds digit of 2544?
5
What is the units digit of 84230?
0
What is the units digit of 274?
4
What is the tens digit of 208?
0
What is the tens digit of 1494?
9
What is the tens digit of 28?
2
What is the hundreds digit of 4340?
3
What is the thousands digit of 7435?
7
What is the units digit of 10138?
8
What is the units digit of 11160?
0
What is the units digit of 1986?
6
What is the thousands digit of 1089?
1
What is the units digit of 36?
6
What is the thousands digit of 35849?
5
What is the thousands digit of 57679?
7
What is the thousands digit of 6053?
6
What is the thousands digit of 1374?
1
What is the units digit of 3418?
8
What is the tens digit of 1277?
7
What is the tens digit of 3344?
4
What is the thousands digit of 3676?
3
What is the thousands digit of 2976?
2
What is the units digit of 20178?
8
What is the hundreds digit of 377?
3
What is the hundreds digit of 77012?
0
What is the units digit of 16660?
0
What is the hundreds digit of 697?
6
What is the units digit of 938?
8
What is the ten thousands digit of 73970?
7
What is the hundreds digit of 62933?
9
What is the tens digit of 5166?
6
What is the hundreds digit of 13428?
4
What is the hundreds digit of 224?
2
What is the units digit of 7575?
5
What is the units digit of 4784?
4
What is the tens digit of 14587?
8
What is the tens digit of 8216?
1
What is the hundreds digit of 31750?
7
What is the ten thousands digit of 12059?
1
What is the tens digit of 14508?
0
What is the units digit of 81?
1
What is the tens digit of 1670?
7
What is the tens digit of 46524?
2
What is the hundreds digit of 2187?
1
What is the hundreds digit of 460?
4
What is the hundreds digit of 23531?
5
What is the units digit of 4920?
0
What is the ten thousands digit of 117385?
1
What is the hundreds digit of 41957?
9
What is the thousands digit of 4175?
4
What is the tens digit of 2705?
0
What is the hundreds digit of 62004?
0
What is the thousands digit of 61832?
1
What is the units digit of 18861?
1
What is the thousands digit of 81440?
1
What is the ten thousands digit of 28297?
2
What is the tens digit of 9786?
8
What is the thousands digit of 22128?
2
What is the tens digit of 136357?
5
What is the thousands digit of 1205?
1
What is the units digit of 6282?
2
What is the ten thousands digit of 14302?
1
What is the units digit of 34265?
5
What is the hundreds digit of 517?
5
What